[INFO] cloning repository https://github.com/reiseburo/kafkakitty
[INFO] running `Command { std: "git" "-c" "credential.helper=" "-c" "credential.helper=/workspace/cargo-home/bin/git-credential-null" "clone" "--bare" "https://github.com/reiseburo/kafkakitty" "/workspace/cache/git-repos/https%3A%2F%2Fgithub.com%2Freiseburo%2Fkafkakitty", kill_on_drop: false }`
[INFO] [stderr] Cloning into bare repository '/workspace/cache/git-repos/https%3A%2F%2Fgithub.com%2Freiseburo%2Fkafkakitty'...
[INFO] running `Command { std: "git" "rev-parse" "HEAD", kill_on_drop: false }`
[INFO] [stdout] 86a1161c0f2aae342de12a6e62381148fd06df5f
[INFO] building reiseburo/kafkakitty against master#ff34b919075f35a1787659e9c448a34b06bab8de for issue-85264
[INFO] running `Command { std: "git" "clone" "/workspace/cache/git-repos/https%3A%2F%2Fgithub.com%2Freiseburo%2Fkafkakitty" "/workspace/builds/worker-2/source", kill_on_drop: false }`
[INFO] [stderr] Cloning into '/workspace/builds/worker-2/source'...
[INFO] [stderr] done.
[INFO] validating manifest of git repo https://github.com/reiseburo/kafkakitty on toolchain ff34b919075f35a1787659e9c448a34b06bab8de
[INFO] running `Command { std: "/workspace/cargo-home/bin/cargo" "+ff34b919075f35a1787659e9c448a34b06bab8de" "metadata" "--manifest-path" "Cargo.toml" "--no-deps", kill_on_drop: false }`
[INFO] started tweaking git repo https://github.com/reiseburo/kafkakitty
[INFO] finished tweaking git repo https://github.com/reiseburo/kafkakitty
[INFO] tweaked toml for git repo https://github.com/reiseburo/kafkakitty written to /workspace/builds/worker-2/source/Cargo.toml
[INFO] crate git repo https://github.com/reiseburo/kafkakitty already has a lockfile, it will not be regenerated
[INFO] running `Command { std: "/workspace/cargo-home/bin/cargo" "+ff34b919075f35a1787659e9c448a34b06bab8de" "fetch" "--manifest-path" "Cargo.toml", kill_on_drop: false }`
[INFO] [stderr]     Blocking waiting for file lock on package cache
[INFO] [stderr]     Blocking waiting for file lock on package cache
[INFO] running `Command { std: "docker" "create" "-v" "/var/lib/crater-agent-workspace/builds/worker-2/target:/opt/rustwide/target:rw,Z" "-v" "/var/lib/crater-agent-workspace/builds/worker-2/source:/opt/rustwide/workdir:ro,Z" "-v" "/var/lib/crater-agent-workspace/cargo-home:/opt/rustwide/cargo-home:ro,Z" "-v" "/var/lib/crater-agent-workspace/rustup-home:/opt/rustwide/rustup-home:ro,Z" "-e" "SOURCE_DIR=/opt/rustwide/workdir" "-e" "CARGO_TARGET_DIR=/opt/rustwide/target" "-e" "CARGO_HOME=/opt/rustwide/cargo-home" "-e" "RUSTUP_HOME=/opt/rustwide/rustup-home" "-w" "/opt/rustwide/workdir" "-m" "1610612736" "--user" "0:0" "--network" "none" "ghcr.io/rust-lang/crates-build-env/linux@sha256:20528e8c29e4536546f0102ce88568b16ea7538393a33fcca951030f7af10457" "/opt/rustwide/cargo-home/bin/cargo" "+ff34b919075f35a1787659e9c448a34b06bab8de" "metadata" "--no-deps" "--format-version=1", kill_on_drop: false }`
[INFO] [stdout] 0ff17b28a3880e181e0f07ddd5ff9a1ff2a445ea3754d3d817a0a124224cbe1b
[INFO] [stderr] WARNING: Your kernel does not support swap limit capabilities or the cgroup is not mounted. Memory limited without swap.
[INFO] running `Command { std: "docker" "start" "-a" "0ff17b28a3880e181e0f07ddd5ff9a1ff2a445ea3754d3d817a0a124224cbe1b", kill_on_drop: false }`
[INFO] running `Command { std: "docker" "inspect" "0ff17b28a3880e181e0f07ddd5ff9a1ff2a445ea3754d3d817a0a124224cbe1b", kill_on_drop: false }`
[INFO] running `Command { std: "docker" "rm" "-f" "0ff17b28a3880e181e0f07ddd5ff9a1ff2a445ea3754d3d817a0a124224cbe1b", kill_on_drop: false }`
[INFO] [stdout] 0ff17b28a3880e181e0f07ddd5ff9a1ff2a445ea3754d3d817a0a124224cbe1b
[INFO] running `Command { std: "docker" "create" "-v" "/var/lib/crater-agent-workspace/builds/worker-2/target:/opt/rustwide/target:rw,Z" "-v" "/var/lib/crater-agent-workspace/builds/worker-2/source:/opt/rustwide/workdir:ro,Z" "-v" "/var/lib/crater-agent-workspace/cargo-home:/opt/rustwide/cargo-home:ro,Z" "-v" "/var/lib/crater-agent-workspace/rustup-home:/opt/rustwide/rustup-home:ro,Z" "-e" "SOURCE_DIR=/opt/rustwide/workdir" "-e" "CARGO_TARGET_DIR=/opt/rustwide/target" "-e" "CARGO_INCREMENTAL=0" "-e" "RUST_BACKTRACE=full" "-e" "RUSTFLAGS=--cap-lints=forbid" "-e" "CARGO_HOME=/opt/rustwide/cargo-home" "-e" "RUSTUP_HOME=/opt/rustwide/rustup-home" "-w" "/opt/rustwide/workdir" "-m" "1610612736" "--user" "0:0" "--network" "none" "ghcr.io/rust-lang/crates-build-env/linux@sha256:20528e8c29e4536546f0102ce88568b16ea7538393a33fcca951030f7af10457" "/opt/rustwide/cargo-home/bin/cargo" "+ff34b919075f35a1787659e9c448a34b06bab8de" "build" "--frozen" "--message-format=json", kill_on_drop: false }`
[INFO] [stdout] 54d5300a3033b0b11629d226bfe119b01df9fd1250761907179c651170a2a4d3
[INFO] [stderr] WARNING: Your kernel does not support swap limit capabilities or the cgroup is not mounted. Memory limited without swap.
[INFO] running `Command { std: "docker" "start" "-a" "54d5300a3033b0b11629d226bfe119b01df9fd1250761907179c651170a2a4d3", kill_on_drop: false }`
[INFO] [stderr]    Compiling cc v1.0.47
[INFO] [stderr]    Compiling pkg-config v0.3.17
[INFO] [stderr]    Compiling proc-macro2 v0.4.30
[INFO] [stderr]    Compiling smallvec v1.0.0
[INFO] [stderr]    Compiling version_check v0.1.5
[INFO] [stderr]    Compiling proc-macro2 v1.0.6
[INFO] [stderr]    Compiling syn v0.15.44
[INFO] [stderr]    Compiling unicode-xid v0.2.0
[INFO] [stderr]    Compiling syn v1.0.8
[INFO] [stderr]    Compiling yansi v0.4.0
[INFO] [stderr]    Compiling getrandom v0.1.13
[INFO] [stderr]    Compiling yansi v0.5.0
[INFO] [stderr]    Compiling serde v1.0.103
[INFO] [stderr]    Compiling version_check v0.9.1
[INFO] [stderr]    Compiling itoa v0.4.4
[INFO] [stderr]    Compiling same-file v1.0.5
[INFO] [stderr]    Compiling openssl v0.10.26
[INFO] [stderr]    Compiling foreign-types-shared v0.1.1
[INFO] [stderr]    Compiling unicode-xid v0.0.4
[INFO] [stderr]    Compiling byte-tools v0.3.1
[INFO] [stderr]    Compiling ppv-lite86 v0.2.6
[INFO] [stderr]    Compiling quote v0.3.15
[INFO] [stderr]    Compiling state v0.4.1
[INFO] [stderr]    Compiling openssl-probe v0.1.2
[INFO] [stderr]    Compiling fnv v1.0.6
[INFO] [stderr]    Compiling fake-simd v0.1.2
[INFO] [stderr]    Compiling opaque-debug v0.2.3
[INFO] [stderr]    Compiling ansi_term v0.9.0
[INFO] [stderr]    Compiling bitflags v0.7.0
[INFO] [stderr]    Compiling futures v0.1.29
[INFO] [stderr]    Compiling strsim v0.5.2
[INFO] [stderr]    Compiling unicode-segmentation v0.1.3
[INFO] [stderr]    Compiling vec_map v0.6.0
[INFO] [stderr]    Compiling open v1.3.2
[INFO] [stderr]    Compiling unicode-bidi v0.3.4
[INFO] [stderr]    Compiling indexmap v1.3.0
[INFO] [stderr]    Compiling foreign-types v0.3.2
[INFO] [stderr]    Compiling block-padding v0.1.5
[INFO] [stderr]    Compiling log v0.4.8
[INFO] [stderr]    Compiling synom v0.11.3
[INFO] [stderr]    Compiling walkdir v2.2.9
[INFO] [stderr]    Compiling iovec v0.1.4
[INFO] [stderr]    Compiling num_cpus v1.11.1
[INFO] [stderr]    Compiling term_size v0.2.3
[INFO] [stderr]    Compiling base64 v0.9.3
[INFO] [stderr]    Compiling base64 v0.10.1
[INFO] [stderr]    Compiling memoffset v0.5.3
[INFO] [stderr]    Compiling crossbeam-utils v0.7.0
[INFO] [stderr]    Compiling unicode-normalization v0.1.11
[INFO] [stderr]    Compiling bytes v0.4.12
[INFO] [stderr]    Compiling block-buffer v0.7.3
[INFO] [stderr]    Compiling clap v2.18.0
[INFO] [stderr]    Compiling syn v0.11.11
[INFO] [stderr]    Compiling log v0.3.9
[INFO] [stderr]    Compiling rust-embed-utils v5.0.0
[INFO] [stderr]    Compiling sha-1 v0.8.1
[INFO] [stderr]    Compiling rand_core v0.5.1
[INFO] [stderr]    Compiling mime v0.2.6
[INFO] [stderr]    Compiling c2-chacha v0.2.3
[INFO] [stderr]    Compiling pear_codegen v0.1.2
[INFO] [stderr]    Compiling unicase v1.4.2
[INFO] [stderr]    Compiling rocket_codegen v0.4.2
[INFO] [stderr]    Compiling rocket v0.4.2
[INFO] [stderr]    Compiling input_buffer v0.2.0
[INFO] [stderr]    Compiling http v0.1.20
[INFO] [stderr]    Compiling rdkafka-sys v1.2.2 (https://github.com/fede1024/rust-rdkafka?branch=master#cb3f9199)
[INFO] [stderr]    Compiling crossbeam-epoch v0.8.0
[INFO] [stderr]    Compiling crossbeam-queue v0.2.0
[INFO] [stderr]    Compiling crossbeam-channel v0.4.0
[INFO] [stderr]    Compiling rand_chacha v0.2.1
[INFO] [stderr]    Compiling rand v0.7.2
[INFO] [stderr]    Compiling quote v0.6.13
[INFO] [stderr]    Compiling crossbeam-deque v0.7.2
[INFO] [stderr]    Compiling quote v1.0.2
[INFO] [stderr]    Compiling idna v0.1.5
[INFO] [stderr]    Compiling idna v0.2.0
[INFO] [stderr]    Compiling crossbeam v0.7.3
[INFO] [stderr]    Compiling openssl-sys v0.9.53
[INFO] [stderr]    Compiling ring v0.13.5
[INFO] [stderr]    Compiling libz-sys v1.0.25
[INFO] [stderr]    Compiling url v1.7.2
[INFO] [stderr]    Compiling native-tls v0.2.3
[INFO] [stderr]    Compiling url v2.1.0
[INFO] [stderr]    Compiling rust-embed-impl v5.1.0
[INFO] [stderr]    Compiling hyper v0.10.16
[INFO] [stderr]    Compiling rust-embed v5.1.0
[INFO] [stderr]    Compiling serde_derive v1.0.103
[INFO] [stderr]    Compiling tungstenite v0.9.2
[INFO] [stderr]    Compiling cookie v0.11.1
[INFO] [stderr] error: failed to run custom build command for `rdkafka-sys v1.2.2 (https://github.com/fede1024/rust-rdkafka?branch=master#cb3f9199)`
[INFO] [stderr] 
[INFO] [stderr] Caused by:
[INFO] [stderr]   process didn't exit successfully: `/opt/rustwide/target/debug/build/rdkafka-sys-029ddb96984ff3c7/build-script-build` (exit status: 101)
[INFO] [stderr]   --- stdout
[INFO] [stderr]   cargo:rustc-link-lib=sasl2
[INFO] [stderr]   Configuring librdkafka
[INFO] [stderr]   checking for OS or distribution... ok (ubuntu)
[INFO] [stderr]   checking for C compiler from CC env... failed
[INFO] [stderr]   checking for gcc (by command)... ok
[INFO] [stderr]   checking for C++ compiler from CXX env... failed
[INFO] [stderr]   checking for C++ compiler (g++)... ok
[INFO] [stderr]   checking executable ld... ok
[INFO] [stderr]   checking executable nm... ok
[INFO] [stderr]   checking executable objdump... ok
[INFO] [stderr]   checking executable strip... ok
[INFO] [stderr]   checking for pkgconfig (by command)... ok
[INFO] [stderr]   checking for install (by command)... ok
[INFO] [stderr]   checking for PIC (by compile)... failed (disable)
[INFO] [stderr]   checking for GNU-compatible linker options... failed
[INFO] [stderr]   checking for OSX linker options... failed
[INFO] [stderr]   checking for GNU linker-script ld flag... failed
[INFO] [stderr]   checking for Solaris linker-script ld flag... failed (ignore)
[INFO] [stderr]   checking for __atomic_32 (by compile)... failed
[INFO] [stderr]   checking for __atomic_32_lib (by compile)... failed
[INFO] [stderr]   checking for __sync_32 (by compile)... failed (disable)
[INFO] [stderr]   checking for __atomic_64 (by compile)... failed
[INFO] [stderr]   checking for __atomic_64_lib (by compile)... failed
[INFO] [stderr]   checking for __sync_64 (by compile)... failed (disable)
[INFO] [stderr]   checking for socket (by compile)... failed
[INFO] [stderr]   checking for socket_nsl (by compile)... failed (fail)
[INFO] [stderr]   parsing version '0x010202ff'... ok (1.2.2)
[INFO] [stderr]   checking for librt (by pkg-config)... failed
[INFO] [stderr]   checking for librt (by compile)... failed
[INFO] [stderr]   checking for libpthread (by pkg-config)... failed
[INFO] [stderr]   checking for libpthread (by compile)... failed (fail)
[INFO] [stderr]   checking for c11threads (by pkg-config)... failed
[INFO] [stderr]   checking for c11threads (by compile)... failed (disable)
[INFO] [stderr]   checking for libdl (by pkg-config)... failed
[INFO] [stderr]   checking for libdl (by compile)... failed (disable)
[INFO] [stderr]   checking for zlib (by pkg-config)... failed
[INFO] [stderr]   checking for zlib (by compile)... failed (disable)
[INFO] [stderr]   checking for libcrypto (by pkg-config)... failed
[INFO] [stderr]   checking for libcrypto (by compile)... failed (disable)
[INFO] [stderr]   checking for libsasl2 (by pkg-config)... failed
[INFO] [stderr]   checking for libsasl2 (by compile)... failed (disable)
[INFO] [stderr]   checking for libsasl (by pkg-config)... failed
[INFO] [stderr]   checking for libsasl (by compile)... failed (disable)
[INFO] [stderr]   checking for libm (by pkg-config)... failed
[INFO] [stderr]   checking for libm (by compile)... failed (disable)
[INFO] [stderr]   checking for rapidjson (by compile)... failed (disable)
[INFO] [stderr]   checking for crc32chw (by compile)... failed (disable)
[INFO] [stderr]   checking for regex (by compile)... failed (disable)
[INFO] [stderr]   checking for strndup (by compile)... failed (disable)
[INFO] [stderr]   checking for strlcpy (by compile)... failed (disable)
[INFO] [stderr]   checking for strerror_r (by compile)... failed (disable)
[INFO] [stderr]   checking for pthread_setname_gnu (by compile)... failed (disable)
[INFO] [stderr]   checking for pthread_setname_darwin (by compile)... failed (disable)
[INFO] [stderr]   checking for nm (by env NM)... ok (cached)
[INFO] [stderr]   checking for getrusage (by compile)... failed (disable)
[INFO] [stderr] 
[INFO] [stderr] 
[INFO] [stderr] 
[INFO] [stderr] 
[INFO] [stderr]   --- stderr
[INFO] [stderr]   Building and linking librdkafka statically
[INFO] [stderr]   Running command: "/opt/rustwide/cargo-home/git/checkouts/rust-rdkafka-34d944143d921bb0/cb3f919/rdkafka-sys/librdkafka/configure --enable-ssl --enable-gssapi --disable-zstd --disable-lz4-ext" in dir: librdkafka
[INFO] [stderr]   mklove/modules/configure.base: line 942: /opt/rustwide/cargo-home/git/checkouts/rust-rdkafka-34d944143d921bb0/cb3f919/rdkafka-sys/librdkafka/config.log: Read-only file system
[INFO] [stderr]   mklove/modules/configure.base: line 942: /opt/rustwide/cargo-home/git/checkouts/rust-rdkafka-34d944143d921bb0/cb3f919/rdkafka-sys/librdkafka/config.log: Read-only file system
[INFO] [stderr]   mklove/modules/configure.base: line 942: /opt/rustwide/cargo-home/git/checkouts/rust-rdkafka-34d944143d921bb0/cb3f919/rdkafka-sys/librdkafka/config.log: Read-only file system
[INFO] [stderr]   mklove/modules/configure.base: line 942: /opt/rustwide/cargo-home/git/checkouts/rust-rdkafka-34d944143d921bb0/cb3f919/rdkafka-sys/librdkafka/config.log: Read-only file system
[INFO] [stderr]   mklove/modules/configure.base: line 942: /opt/rustwide/cargo-home/git/checkouts/rust-rdkafka-34d944143d921bb0/cb3f919/rdkafka-sys/librdkafka/config.log: Read-only file system
[INFO] [stderr]   mklove/modules/configure.base: line 942: /opt/rustwide/cargo-home/git/checkouts/rust-rdkafka-34d944143d921bb0/cb3f919/rdkafka-sys/librdkafka/config.log: Read-only file system
[INFO] [stderr]   mklove/modules/configure.base: line 942: /opt/rustwide/cargo-home/git/checkouts/rust-rdkafka-34d944143d921bb0/cb3f919/rdkafka-sys/librdkafka/config.log: Read-only file system
[INFO] [stderr]   mklove/modules/configure.base: line 942: /opt/rustwide/cargo-home/git/checkouts/rust-rdkafka-34d944143d921bb0/cb3f919/rdkafka-sys/librdkafka/config.log: Read-only file system
[INFO] [stderr]   mklove/modules/configure.base: line 942: /opt/rustwide/cargo-home/git/checkouts/rust-rdkafka-34d944143d921bb0/cb3f919/rdkafka-sys/librdkafka/config.log: Read-only file system
[INFO] [stderr]   mklove/modules/configure.base: line 942: /opt/rustwide/cargo-home/git/checkouts/rust-rdkafka-34d944143d921bb0/cb3f919/rdkafka-sys/librdkafka/config.log: Read-only file system
[INFO] [stderr]   mklove/modules/configure.base: line 942: /opt/rustwide/cargo-home/git/checkouts/rust-rdkafka-34d944143d921bb0/cb3f919/rdkafka-sys/librdkafka/config.log: Read-only file system
[INFO] [stderr]   mklove/modules/configure.base: line 942: /opt/rustwide/cargo-home/git/checkouts/rust-rdkafka-34d944143d921bb0/cb3f919/rdkafka-sys/librdkafka/config.log: Read-only file system
[INFO] [stderr]   mklove/modules/configure.base: line 942: /opt/rustwide/cargo-home/git/checkouts/rust-rdkafka-34d944143d921bb0/cb3f919/rdkafka-sys/librdkafka/config.log: Read-only file system
[INFO] [stderr]   mklove/modules/configure.base: line 942: /opt/rustwide/cargo-home/git/checkouts/rust-rdkafka-34d944143d921bb0/cb3f919/rdkafka-sys/librdkafka/config.log: Read-only file system
[INFO] [stderr]   mklove/modules/configure.base: line 942: /opt/rustwide/cargo-home/git/checkouts/rust-rdkafka-34d944143d921bb0/cb3f919/rdkafka-sys/librdkafka/config.log: Read-only file system
[INFO] [stderr]   mklove/modules/configure.base: line 942: /opt/rustwide/cargo-home/git/checkouts/rust-rdkafka-34d944143d921bb0/cb3f919/rdkafka-sys/librdkafka/config.log: Read-only file system
[INFO] [stderr]   /opt/rustwide/cargo-home/git/checkouts/rust-rdkafka-34d944143d921bb0/cb3f919/rdkafka-sys/librdkafka/configure: line 186: /opt/rustwide/cargo-home/git/checkouts/rust-rdkafka-34d944143d921bb0/cb3f919/rdkafka-sys/librdkafka/config.log: Read-only file system
[INFO] [stderr]   /opt/rustwide/cargo-home/git/checkouts/rust-rdkafka-34d944143d921bb0/cb3f919/rdkafka-sys/librdkafka/configure: line 187: /opt/rustwide/cargo-home/git/checkouts/rust-rdkafka-34d944143d921bb0/cb3f919/rdkafka-sys/librdkafka/config.log: Read-only file system
[INFO] [stderr]   mklove/modules/configure.base: line 942: /opt/rustwide/cargo-home/git/checkouts/rust-rdkafka-34d944143d921bb0/cb3f919/rdkafka-sys/librdkafka/config.log: Read-only file system
[INFO] [stderr]   mklove/modules/configure.base: line 942: /opt/rustwide/cargo-home/git/checkouts/rust-rdkafka-34d944143d921bb0/cb3f919/rdkafka-sys/librdkafka/config.log: Read-only file system
[INFO] [stderr]   mklove/modules/configure.base: line 942: /opt/rustwide/cargo-home/git/checkouts/rust-rdkafka-34d944143d921bb0/cb3f919/rdkafka-sys/librdkafka/config.log: Read-only file system
[INFO] [stderr]   mklove/modules/configure.base: line 942: /opt/rustwide/cargo-home/git/checkouts/rust-rdkafka-34d944143d921bb0/cb3f919/rdkafka-sys/librdkafka/config.log: Read-only file system
[INFO] [stderr]   mklove/modules/configure.base: line 942: /opt/rustwide/cargo-home/git/checkouts/rust-rdkafka-34d944143d921bb0/cb3f919/rdkafka-sys/librdkafka/config.log: Read-only file system
[INFO] [stderr]   mklove/modules/configure.base: line 942: /opt/rustwide/cargo-home/git/checkouts/rust-rdkafka-34d944143d921bb0/cb3f919/rdkafka-sys/librdkafka/config.log: Read-only file system
[INFO] [stderr]   mklove/modules/configure.base: line 942: /opt/rustwide/cargo-home/git/checkouts/rust-rdkafka-34d944143d921bb0/cb3f919/rdkafka-sys/librdkafka/config.log: Read-only file system
[INFO] [stderr]   mklove/modules/configure.base: line 942: /opt/rustwide/cargo-home/git/checkouts/rust-rdkafka-34d944143d921bb0/cb3f919/rdkafka-sys/librdkafka/config.log: Read-only file system
[INFO] [stderr]   mklove/modules/configure.base: line 942: /opt/rustwide/cargo-home/git/checkouts/rust-rdkafka-34d944143d921bb0/cb3f919/rdkafka-sys/librdkafka/config.log: Read-only file system
[INFO] [stderr]   mklove/modules/configure.base: line 942: /opt/rustwide/cargo-home/git/checkouts/rust-rdkafka-34d944143d921bb0/cb3f919/rdkafka-sys/librdkafka/config.log: Read-only file system
[INFO] [stderr]   mklove/modules/configure.base: line 942: /opt/rustwide/cargo-home/git/checkouts/rust-rdkafka-34d944143d921bb0/cb3f919/rdkafka-sys/librdkafka/config.log: Read-only file system
[INFO] [stderr]   mklove/modules/configure.base: line 942: /opt/rustwide/cargo-home/git/checkouts/rust-rdkafka-34d944143d921bb0/cb3f919/rdkafka-sys/librdkafka/config.log: Read-only file system
[INFO] [stderr]   mklove/modules/configure.base: line 942: /opt/rustwide/cargo-home/git/checkouts/rust-rdkafka-34d944143d921bb0/cb3f919/rdkafka-sys/librdkafka/config.log: Read-only file system
[INFO] [stderr]   mklove/modules/configure.base: line 942: /opt/rustwide/cargo-home/git/checkouts/rust-rdkafka-34d944143d921bb0/cb3f919/rdkafka-sys/librdkafka/config.log: Read-only file system
[INFO] [stderr]   mklove/modules/configure.base: line 942: /opt/rustwide/cargo-home/git/checkouts/rust-rdkafka-34d944143d921bb0/cb3f919/rdkafka-sys/librdkafka/config.log: Read-only file system
[INFO] [stderr]   mktemp: failed to create file via template '_mkltmpXXXXXX': Read-only file system
[INFO] [stderr]   mv: cannot stat '': No such file or directory
[INFO] [stderr]   mklove/modules/configure.base: line 1327: .c: Read-only file system
[INFO] [stderr]   mklove/modules/configure.base: line 1330: .c: Read-only file system
[INFO] [stderr]   mklove/modules/configure.base: line 942: /opt/rustwide/cargo-home/git/checkouts/rust-rdkafka-34d944143d921bb0/cb3f919/rdkafka-sys/librdkafka/config.log: Read-only file system
[INFO] [stderr]   mklove/modules/configure.base: line 942: /opt/rustwide/cargo-home/git/checkouts/rust-rdkafka-34d944143d921bb0/cb3f919/rdkafka-sys/librdkafka/config.log: Read-only file system
[INFO] [stderr]   mklove/modules/configure.base: line 942: /opt/rustwide/cargo-home/git/checkouts/rust-rdkafka-34d944143d921bb0/cb3f919/rdkafka-sys/librdkafka/config.log: Read-only file system
[INFO] [stderr]   mklove/modules/configure.base: line 942: /opt/rustwide/cargo-home/git/checkouts/rust-rdkafka-34d944143d921bb0/cb3f919/rdkafka-sys/librdkafka/config.log: Read-only file system
[INFO] [stderr]   mktemp: failed to create file via template '_mkltmpXXXXXX': Read-only file system
[INFO] [stderr]   mv: cannot stat '': No such file or directory
[INFO] [stderr]   mklove/modules/configure.base: line 1327: .c: Read-only file system
[INFO] [stderr]   mklove/modules/configure.base: line 1330: .c: Read-only file system
[INFO] [stderr]   mklove/modules/configure.base: line 942: /opt/rustwide/cargo-home/git/checkouts/rust-rdkafka-34d944143d921bb0/cb3f919/rdkafka-sys/librdkafka/config.log: Read-only file system
[INFO] [stderr]   mklove/modules/configure.base: line 942: /opt/rustwide/cargo-home/git/checkouts/rust-rdkafka-34d944143d921bb0/cb3f919/rdkafka-sys/librdkafka/config.log: Read-only file system
[INFO] [stderr]   mklove/modules/configure.base: line 942: /opt/rustwide/cargo-home/git/checkouts/rust-rdkafka-34d944143d921bb0/cb3f919/rdkafka-sys/librdkafka/config.log: Read-only file system
[INFO] [stderr]   mklove/modules/configure.base: line 942: /opt/rustwide/cargo-home/git/checkouts/rust-rdkafka-34d944143d921bb0/cb3f919/rdkafka-sys/librdkafka/config.log: Read-only file system
[INFO] [stderr]   mktemp: failed to create file via template '_mkltmpXXXXXX': Read-only file system
[INFO] [stderr]   mv: cannot stat '': No such file or directory
[INFO] [stderr]   mklove/modules/configure.base: line 1327: .c: Read-only file system
[INFO] [stderr]   mklove/modules/configure.base: line 1330: .c: Read-only file system
[INFO] [stderr]   mklove/modules/configure.base: line 942: /opt/rustwide/cargo-home/git/checkouts/rust-rdkafka-34d944143d921bb0/cb3f919/rdkafka-sys/librdkafka/config.log: Read-only file system
[INFO] [stderr]   mklove/modules/configure.base: line 942: /opt/rustwide/cargo-home/git/checkouts/rust-rdkafka-34d944143d921bb0/cb3f919/rdkafka-sys/librdkafka/config.log: Read-only file system
[INFO] [stderr]   mklove/modules/configure.base: line 942: /opt/rustwide/cargo-home/git/checkouts/rust-rdkafka-34d944143d921bb0/cb3f919/rdkafka-sys/librdkafka/config.log: Read-only file system
[INFO] [stderr]   mklove/modules/configure.base: line 942: /opt/rustwide/cargo-home/git/checkouts/rust-rdkafka-34d944143d921bb0/cb3f919/rdkafka-sys/librdkafka/config.log: Read-only file system
[INFO] [stderr]   mktemp: failed to create file via template '_mkltmpXXXXXX': Read-only file system
[INFO] [stderr]   mklove/modules/configure.base: line 1024: $ldsfile: ambiguous redirect
[INFO] [stderr]   mktemp: failed to create file via template '_mkltmpXXXXXX': Read-only file system
[INFO] [stderr]   mv: cannot stat '': No such file or directory
[INFO] [stderr]   mklove/modules/configure.base: line 1327: .c: Read-only file system
[INFO] [stderr]   mklove/modules/configure.base: line 1330: .c: Read-only file system
[INFO] [stderr]   mklove/modules/configure.base: line 942: /opt/rustwide/cargo-home/git/checkouts/rust-rdkafka-34d944143d921bb0/cb3f919/rdkafka-sys/librdkafka/config.log: Read-only file system
[INFO] [stderr]   mklove/modules/configure.base: line 942: /opt/rustwide/cargo-home/git/checkouts/rust-rdkafka-34d944143d921bb0/cb3f919/rdkafka-sys/librdkafka/config.log: Read-only file system
[INFO] [stderr]   mklove/modules/configure.base: line 942: /opt/rustwide/cargo-home/git/checkouts/rust-rdkafka-34d944143d921bb0/cb3f919/rdkafka-sys/librdkafka/config.log: Read-only file system
[INFO] [stderr]   mklove/modules/configure.base: line 942: /opt/rustwide/cargo-home/git/checkouts/rust-rdkafka-34d944143d921bb0/cb3f919/rdkafka-sys/librdkafka/config.log: Read-only file system
[INFO] [stderr]   mktemp: failed to create file via template '_mkltmpXXXXXX': Read-only file system
[INFO] [stderr]   mv: cannot stat '': No such file or directory
[INFO] [stderr]   mklove/modules/configure.base: line 1327: .c: Read-only file system
[INFO] [stderr]   mklove/modules/configure.base: line 1330: .c: Read-only file system
[INFO] [stderr]   mklove/modules/configure.base: line 942: /opt/rustwide/cargo-home/git/checkouts/rust-rdkafka-34d944143d921bb0/cb3f919/rdkafka-sys/librdkafka/config.log: Read-only file system
[INFO] [stderr]   mklove/modules/configure.base: line 942: /opt/rustwide/cargo-home/git/checkouts/rust-rdkafka-34d944143d921bb0/cb3f919/rdkafka-sys/librdkafka/config.log: Read-only file system
[INFO] [stderr]   mklove/modules/configure.base: line 942: /opt/rustwide/cargo-home/git/checkouts/rust-rdkafka-34d944143d921bb0/cb3f919/rdkafka-sys/librdkafka/config.log: Read-only file system
[INFO] [stderr]   mklove/modules/configure.base: line 942: /opt/rustwide/cargo-home/git/checkouts/rust-rdkafka-34d944143d921bb0/cb3f919/rdkafka-sys/librdkafka/config.log: Read-only file system
[INFO] [stderr]   mktemp: failed to create file via template '_mkltmpXXXXXX': Read-only file system
[INFO] [stderr]   mv: cannot stat '': No such file or directory
[INFO] [stderr]   mklove/modules/configure.base: line 1327: .c: Read-only file system
[INFO] [stderr]   mklove/modules/configure.base: line 1330: .c: Read-only file system
[INFO] [stderr]   mklove/modules/configure.base: line 942: /opt/rustwide/cargo-home/git/checkouts/rust-rdkafka-34d944143d921bb0/cb3f919/rdkafka-sys/librdkafka/config.log: Read-only file system
[INFO] [stderr]   mklove/modules/configure.base: line 942: /opt/rustwide/cargo-home/git/checkouts/rust-rdkafka-34d944143d921bb0/cb3f919/rdkafka-sys/librdkafka/config.log: Read-only file system
[INFO] [stderr]   mklove/modules/configure.base: line 942: /opt/rustwide/cargo-home/git/checkouts/rust-rdkafka-34d944143d921bb0/cb3f919/rdkafka-sys/librdkafka/config.log: Read-only file system
[INFO] [stderr]   mklove/modules/configure.base: line 942: /opt/rustwide/cargo-home/git/checkouts/rust-rdkafka-34d944143d921bb0/cb3f919/rdkafka-sys/librdkafka/config.log: Read-only file system
[INFO] [stderr]   mktemp: failed to create file via template '_mkltmpXXXXXX': Read-only file system
[INFO] [stderr]   mv: cannot stat '': No such file or directory
[INFO] [stderr]   mklove/modules/configure.base: line 1327: .c: Read-only file system
[INFO] [stderr]   mklove/modules/configure.base: line 1330: .c: Read-only file system
[INFO] [stderr]   mklove/modules/configure.base: line 942: /opt/rustwide/cargo-home/git/checkouts/rust-rdkafka-34d944143d921bb0/cb3f919/rdkafka-sys/librdkafka/config.log: Read-only file system
[INFO] [stderr]   mklove/modules/configure.base: line 942: /opt/rustwide/cargo-home/git/checkouts/rust-rdkafka-34d944143d921bb0/cb3f919/rdkafka-sys/librdkafka/config.log: Read-only file system
[INFO] [stderr]   mklove/modules/configure.base: line 942: /opt/rustwide/cargo-home/git/checkouts/rust-rdkafka-34d944143d921bb0/cb3f919/rdkafka-sys/librdkafka/config.log: Read-only file system
[INFO] [stderr]   mklove/modules/configure.base: line 942: /opt/rustwide/cargo-home/git/checkouts/rust-rdkafka-34d944143d921bb0/cb3f919/rdkafka-sys/librdkafka/config.log: Read-only file system
[INFO] [stderr]   mktemp: failed to create file via template '_mkltmpXXXXXX': Read-only file system
[INFO] [stderr]   mv: cannot stat '': No such file or directory
[INFO] [stderr]   mklove/modules/configure.base: line 1327: .c: Read-only file system
[INFO] [stderr]   mklove/modules/configure.base: line 1330: .c: Read-only file system
[INFO] [stderr]   mklove/modules/configure.base: line 942: /opt/rustwide/cargo-home/git/checkouts/rust-rdkafka-34d944143d921bb0/cb3f919/rdkafka-sys/librdkafka/config.log: Read-only file system
[INFO] [stderr]   mklove/modules/configure.base: line 942: /opt/rustwide/cargo-home/git/checkouts/rust-rdkafka-34d944143d921bb0/cb3f919/rdkafka-sys/librdkafka/config.log: Read-only file system
[INFO] [stderr]   mklove/modules/configure.base: line 942: /opt/rustwide/cargo-home/git/checkouts/rust-rdkafka-34d944143d921bb0/cb3f919/rdkafka-sys/librdkafka/config.log: Read-only file system
[INFO] [stderr]   mklove/modules/configure.base: line 942: /opt/rustwide/cargo-home/git/checkouts/rust-rdkafka-34d944143d921bb0/cb3f919/rdkafka-sys/librdkafka/config.log: Read-only file system
[INFO] [stderr]   mktemp: failed to create file via template '_mkltmpXXXXXX': Read-only file system
[INFO] [stderr]   mv: cannot stat '': No such file or directory
[INFO] [stderr]   mklove/modules/configure.base: line 1327: .c: Read-only file system
[INFO] [stderr]   mklove/modules/configure.base: line 1330: .c: Read-only file system
[INFO] [stderr]   mklove/modules/configure.base: line 942: /opt/rustwide/cargo-home/git/checkouts/rust-rdkafka-34d944143d921bb0/cb3f919/rdkafka-sys/librdkafka/config.log: Read-only file system
[INFO] [stderr]   mklove/modules/configure.base: line 942: /opt/rustwide/cargo-home/git/checkouts/rust-rdkafka-34d944143d921bb0/cb3f919/rdkafka-sys/librdkafka/config.log: Read-only file system
[INFO] [stderr]   mklove/modules/configure.base: line 942: /opt/rustwide/cargo-home/git/checkouts/rust-rdkafka-34d944143d921bb0/cb3f919/rdkafka-sys/librdkafka/config.log: Read-only file system
[INFO] [stderr]   mklove/modules/configure.base: line 942: /opt/rustwide/cargo-home/git/checkouts/rust-rdkafka-34d944143d921bb0/cb3f919/rdkafka-sys/librdkafka/config.log: Read-only file system
[INFO] [stderr]   mktemp: failed to create file via template '_mkltmpXXXXXX': Read-only file system
[INFO] [stderr]   mv: cannot stat '': No such file or directory
[INFO] [stderr]   mklove/modules/configure.base: line 1327: .c: Read-only file system
[INFO] [stderr]   mklove/modules/configure.base: line 1330: .c: Read-only file system
[INFO] [stderr]   mklove/modules/configure.base: line 942: /opt/rustwide/cargo-home/git/checkouts/rust-rdkafka-34d944143d921bb0/cb3f919/rdkafka-sys/librdkafka/config.log: Read-only file system
[INFO] [stderr]   mklove/modules/configure.base: line 942: /opt/rustwide/cargo-home/git/checkouts/rust-rdkafka-34d944143d921bb0/cb3f919/rdkafka-sys/librdkafka/config.log: Read-only file system
[INFO] [stderr]   mklove/modules/configure.base: line 942: /opt/rustwide/cargo-home/git/checkouts/rust-rdkafka-34d944143d921bb0/cb3f919/rdkafka-sys/librdkafka/config.log: Read-only file system
[INFO] [stderr]   mklove/modules/configure.base: line 942: /opt/rustwide/cargo-home/git/checkouts/rust-rdkafka-34d944143d921bb0/cb3f919/rdkafka-sys/librdkafka/config.log: Read-only file system
[INFO] [stderr]   mktemp: failed to create file via template '_mkltmpXXXXXX': Read-only file system
[INFO] [stderr]   mv: cannot stat '': No such file or directory
[INFO] [stderr]   mklove/modules/configure.base: line 1327: .c: Read-only file system
[INFO] [stderr]   mklove/modules/configure.base: line 1330: .c: Read-only file system
[INFO] [stderr]   mklove/modules/configure.base: line 942: /opt/rustwide/cargo-home/git/checkouts/rust-rdkafka-34d944143d921bb0/cb3f919/rdkafka-sys/librdkafka/config.log: Read-only file system
[INFO] [stderr]   mklove/modules/configure.base: line 942: /opt/rustwide/cargo-home/git/checkouts/rust-rdkafka-34d944143d921bb0/cb3f919/rdkafka-sys/librdkafka/config.log: Read-only file system
[INFO] [stderr]   mklove/modules/configure.base: line 942: /opt/rustwide/cargo-home/git/checkouts/rust-rdkafka-34d944143d921bb0/cb3f919/rdkafka-sys/librdkafka/config.log: Read-only file system
[INFO] [stderr]   mklove/modules/configure.base: line 942: /opt/rustwide/cargo-home/git/checkouts/rust-rdkafka-34d944143d921bb0/cb3f919/rdkafka-sys/librdkafka/config.log: Read-only file system
[INFO] [stderr]   mktemp: failed to create file via template '_mkltmpXXXXXX': Read-only file system
[INFO] [stderr]   mv: cannot stat '': No such file or directory
[INFO] [stderr]   mklove/modules/configure.base: line 1327: .c: Read-only file system
[INFO] [stderr]   mklove/modules/configure.base: line 1330: .c: Read-only file system
[INFO] [stderr]   mklove/modules/configure.base: line 942: /opt/rustwide/cargo-home/git/checkouts/rust-rdkafka-34d944143d921bb0/cb3f919/rdkafka-sys/librdkafka/config.log: Read-only file system
[INFO] [stderr]   mklove/modules/configure.base: line 942: /opt/rustwide/cargo-home/git/checkouts/rust-rdkafka-34d944143d921bb0/cb3f919/rdkafka-sys/librdkafka/config.log: Read-only file system
[INFO] [stderr]   mklove/modules/configure.base: line 942: /opt/rustwide/cargo-home/git/checkouts/rust-rdkafka-34d944143d921bb0/cb3f919/rdkafka-sys/librdkafka/config.log: Read-only file system
[INFO] [stderr]   mklove/modules/configure.base: line 942: /opt/rustwide/cargo-home/git/checkouts/rust-rdkafka-34d944143d921bb0/cb3f919/rdkafka-sys/librdkafka/config.log: Read-only file system
[INFO] [stderr]   mktemp: failed to create file via template '_mkltmpXXXXXX': Read-only file system
[INFO] [stderr]   mv: cannot stat '': No such file or directory
[INFO] [stderr]   mklove/modules/configure.base: line 1327: .c: Read-only file system
[INFO] [stderr]   mklove/modules/configure.base: line 1330: .c: Read-only file system
[INFO] [stderr]   mklove/modules/configure.base: line 942: /opt/rustwide/cargo-home/git/checkouts/rust-rdkafka-34d944143d921bb0/cb3f919/rdkafka-sys/librdkafka/config.log: Read-only file system
[INFO] [stderr]   mklove/modules/configure.base: line 942: /opt/rustwide/cargo-home/git/checkouts/rust-rdkafka-34d944143d921bb0/cb3f919/rdkafka-sys/librdkafka/config.log: Read-only file system
[INFO] [stderr]   mklove/modules/configure.base: line 942: /opt/rustwide/cargo-home/git/checkouts/rust-rdkafka-34d944143d921bb0/cb3f919/rdkafka-sys/librdkafka/config.log: Read-only file system
[INFO] [stderr]   mklove/modules/configure.base: line 942: /opt/rustwide/cargo-home/git/checkouts/rust-rdkafka-34d944143d921bb0/cb3f919/rdkafka-sys/librdkafka/config.log: Read-only file system
[INFO] [stderr]   mklove/modules/configure.base: line 942: /opt/rustwide/cargo-home/git/checkouts/rust-rdkafka-34d944143d921bb0/cb3f919/rdkafka-sys/librdkafka/config.log: Read-only file system
[INFO] [stderr]   mklove/modules/configure.base: line 942: /opt/rustwide/cargo-home/git/checkouts/rust-rdkafka-34d944143d921bb0/cb3f919/rdkafka-sys/librdkafka/config.log: Read-only file system
[INFO] [stderr]   mklove/modules/configure.base: line 942: /opt/rustwide/cargo-home/git/checkouts/rust-rdkafka-34d944143d921bb0/cb3f919/rdkafka-sys/librdkafka/config.log: Read-only file system
[INFO] [stderr]   mklove/modules/configure.base: line 942: /opt/rustwide/cargo-home/git/checkouts/rust-rdkafka-34d944143d921bb0/cb3f919/rdkafka-sys/librdkafka/config.log: Read-only file system
[INFO] [stderr]   mklove/modules/configure.base: line 942: /opt/rustwide/cargo-home/git/checkouts/rust-rdkafka-34d944143d921bb0/cb3f919/rdkafka-sys/librdkafka/config.log: Read-only file system
[INFO] [stderr]   mklove/modules/configure.base: line 942: /opt/rustwide/cargo-home/git/checkouts/rust-rdkafka-34d944143d921bb0/cb3f919/rdkafka-sys/librdkafka/config.log: Read-only file system
[INFO] [stderr]   mktemp: failed to create file via template '_mkltmpXXXXXX': Read-only file system
[INFO] [stderr]   mv: cannot stat '': No such file or directory
[INFO] [stderr]   mklove/modules/configure.base: line 1327: .c: Read-only file system
[INFO] [stderr]   mklove/modules/configure.base: line 1330: .c: Read-only file system
[INFO] [stderr]   mklove/modules/configure.base: line 942: /opt/rustwide/cargo-home/git/checkouts/rust-rdkafka-34d944143d921bb0/cb3f919/rdkafka-sys/librdkafka/config.log: Read-only file system
[INFO] [stderr]   mklove/modules/configure.base: line 942: /opt/rustwide/cargo-home/git/checkouts/rust-rdkafka-34d944143d921bb0/cb3f919/rdkafka-sys/librdkafka/config.log: Read-only file system
[INFO] [stderr]   mklove/modules/configure.base: line 942: /opt/rustwide/cargo-home/git/checkouts/rust-rdkafka-34d944143d921bb0/cb3f919/rdkafka-sys/librdkafka/config.log: Read-only file system
[INFO] [stderr]   mklove/modules/configure.base: line 942: /opt/rustwide/cargo-home/git/checkouts/rust-rdkafka-34d944143d921bb0/cb3f919/rdkafka-sys/librdkafka/config.log: Read-only file system
[INFO] [stderr]   mklove/modules/configure.base: line 942: /opt/rustwide/cargo-home/git/checkouts/rust-rdkafka-34d944143d921bb0/cb3f919/rdkafka-sys/librdkafka/config.log: Read-only file system
[INFO] [stderr]   mklove/modules/configure.base: line 942: /opt/rustwide/cargo-home/git/checkouts/rust-rdkafka-34d944143d921bb0/cb3f919/rdkafka-sys/librdkafka/config.log: Read-only file system
[INFO] [stderr]   mklove/modules/configure.base: line 942: /opt/rustwide/cargo-home/git/checkouts/rust-rdkafka-34d944143d921bb0/cb3f919/rdkafka-sys/librdkafka/config.log: Read-only file system
[INFO] [stderr]   mklove/modules/configure.base: line 942: /opt/rustwide/cargo-home/git/checkouts/rust-rdkafka-34d944143d921bb0/cb3f919/rdkafka-sys/librdkafka/config.log: Read-only file system
[INFO] [stderr]   mklove/modules/configure.base: line 942: /opt/rustwide/cargo-home/git/checkouts/rust-rdkafka-34d944143d921bb0/cb3f919/rdkafka-sys/librdkafka/config.log: Read-only file system
[INFO] [stderr]   mktemp: failed to create file via template '_mkltmpXXXXXX': Read-only file system
[INFO] [stderr]   mv: cannot stat '': No such file or directory
[INFO] [stderr]   mklove/modules/configure.base: line 1327: .c: Read-only file system
[INFO] [stderr]   mklove/modules/configure.base: line 1330: .c: Read-only file system
[INFO] [stderr]   mklove/modules/configure.base: line 942: /opt/rustwide/cargo-home/git/checkouts/rust-rdkafka-34d944143d921bb0/cb3f919/rdkafka-sys/librdkafka/config.log: Read-only file system
[INFO] [stderr]   mklove/modules/configure.base: line 942: /opt/rustwide/cargo-home/git/checkouts/rust-rdkafka-34d944143d921bb0/cb3f919/rdkafka-sys/librdkafka/config.log: Read-only file system
[INFO] [stderr]   mklove/modules/configure.base: line 942: /opt/rustwide/cargo-home/git/checkouts/rust-rdkafka-34d944143d921bb0/cb3f919/rdkafka-sys/librdkafka/config.log: Read-only file system
[INFO] [stderr]   mklove/modules/configure.base: line 942: /opt/rustwide/cargo-home/git/checkouts/rust-rdkafka-34d944143d921bb0/cb3f919/rdkafka-sys/librdkafka/config.log: Read-only file system
[INFO] [stderr]   mklove/modules/configure.base: line 942: /opt/rustwide/cargo-home/git/checkouts/rust-rdkafka-34d944143d921bb0/cb3f919/rdkafka-sys/librdkafka/config.log: Read-only file system
[INFO] [stderr]   mklove/modules/configure.base: line 942: /opt/rustwide/cargo-home/git/checkouts/rust-rdkafka-34d944143d921bb0/cb3f919/rdkafka-sys/librdkafka/config.log: Read-only file system
[INFO] [stderr]   mklove/modules/configure.base: line 942: /opt/rustwide/cargo-home/git/checkouts/rust-rdkafka-34d944143d921bb0/cb3f919/rdkafka-sys/librdkafka/config.log: Read-only file system
[INFO] [stderr]   mklove/modules/configure.base: line 942: /opt/rustwide/cargo-home/git/checkouts/rust-rdkafka-34d944143d921bb0/cb3f919/rdkafka-sys/librdkafka/config.log: Read-only file system
[INFO] [stderr]   mklove/modules/configure.base: line 942: /opt/rustwide/cargo-home/git/checkouts/rust-rdkafka-34d944143d921bb0/cb3f919/rdkafka-sys/librdkafka/config.log: Read-only file system
[INFO] [stderr]   mktemp: failed to create file via template '_mkltmpXXXXXX': Read-only file system
[INFO] [stderr]   mv: cannot stat '': No such file or directory
[INFO] [stderr]   mklove/modules/configure.base: line 1327: .c: Read-only file system
[INFO] [stderr]   mklove/modules/configure.base: line 1330: .c: Read-only file system
[INFO] [stderr]   mklove/modules/configure.base: line 942: /opt/rustwide/cargo-home/git/checkouts/rust-rdkafka-34d944143d921bb0/cb3f919/rdkafka-sys/librdkafka/config.log: Read-only file system
[INFO] [stderr]   mklove/modules/configure.base: line 942: /opt/rustwide/cargo-home/git/checkouts/rust-rdkafka-34d944143d921bb0/cb3f919/rdkafka-sys/librdkafka/config.log: Read-only file system
[INFO] [stderr]   mklove/modules/configure.base: line 942: /opt/rustwide/cargo-home/git/checkouts/rust-rdkafka-34d944143d921bb0/cb3f919/rdkafka-sys/librdkafka/config.log: Read-only file system
[INFO] [stderr]   mklove/modules/configure.base: line 942: /opt/rustwide/cargo-home/git/checkouts/rust-rdkafka-34d944143d921bb0/cb3f919/rdkafka-sys/librdkafka/config.log: Read-only file system
[INFO] [stderr]   mklove/modules/configure.base: line 942: /opt/rustwide/cargo-home/git/checkouts/rust-rdkafka-34d944143d921bb0/cb3f919/rdkafka-sys/librdkafka/config.log: Read-only file system
[INFO] [stderr]   mklove/modules/configure.base: line 942: /opt/rustwide/cargo-home/git/checkouts/rust-rdkafka-34d944143d921bb0/cb3f919/rdkafka-sys/librdkafka/config.log: Read-only file system
[INFO] [stderr]   mklove/modules/configure.base: line 942: /opt/rustwide/cargo-home/git/checkouts/rust-rdkafka-34d944143d921bb0/cb3f919/rdkafka-sys/librdkafka/config.log: Read-only file system
[INFO] [stderr]   mklove/modules/configure.base: line 942: /opt/rustwide/cargo-home/git/checkouts/rust-rdkafka-34d944143d921bb0/cb3f919/rdkafka-sys/librdkafka/config.log: Read-only file system
[INFO] [stderr]   mklove/modules/configure.base: line 942: /opt/rustwide/cargo-home/git/checkouts/rust-rdkafka-34d944143d921bb0/cb3f919/rdkafka-sys/librdkafka/config.log: Read-only file system
[INFO] [stderr]   mktemp: failed to create file via template '_mkltmpXXXXXX': Read-only file system
[INFO] [stderr]   mv: cannot stat '': No such file or directory
[INFO] [stderr]   mklove/modules/configure.base: line 1327: .c: Read-only file system
[INFO] [stderr]   mklove/modules/configure.base: line 1330: .c: Read-only file system
[INFO] [stderr]   mklove/modules/configure.base: line 942: /opt/rustwide/cargo-home/git/checkouts/rust-rdkafka-34d944143d921bb0/cb3f919/rdkafka-sys/librdkafka/config.log: Read-only file system
[INFO] [stderr]   mklove/modules/configure.base: line 942: /opt/rustwide/cargo-home/git/checkouts/rust-rdkafka-34d944143d921bb0/cb3f919/rdkafka-sys/librdkafka/config.log: Read-only file system
[INFO] [stderr]   mklove/modules/configure.base: line 942: /opt/rustwide/cargo-home/git/checkouts/rust-rdkafka-34d944143d921bb0/cb3f919/rdkafka-sys/librdkafka/config.log: Read-only file system
[INFO] [stderr]   mklove/modules/configure.base: line 942: /opt/rustwide/cargo-home/git/checkouts/rust-rdkafka-34d944143d921bb0/cb3f919/rdkafka-sys/librdkafka/config.log: Read-only file system
[INFO] [stderr]   mklove/modules/configure.base: line 942: /opt/rustwide/cargo-home/git/checkouts/rust-rdkafka-34d944143d921bb0/cb3f919/rdkafka-sys/librdkafka/config.log: Read-only file system
[INFO] [stderr]   mklove/modules/configure.base: line 942: /opt/rustwide/cargo-home/git/checkouts/rust-rdkafka-34d944143d921bb0/cb3f919/rdkafka-sys/librdkafka/config.log: Read-only file system
[INFO] [stderr]   mklove/modules/configure.base: line 942: /opt/rustwide/cargo-home/git/checkouts/rust-rdkafka-34d944143d921bb0/cb3f919/rdkafka-sys/librdkafka/config.log: Read-only file system
[INFO] [stderr]   mklove/modules/configure.base: line 942: /opt/rustwide/cargo-home/git/checkouts/rust-rdkafka-34d944143d921bb0/cb3f919/rdkafka-sys/librdkafka/config.log: Read-only file system
[INFO] [stderr]   mktemp: failed to create file via template '_mkltmpXXXXXX': Read-only file system
[INFO] [stderr]   mv: cannot stat '': No such file or directory
[INFO] [stderr]   mklove/modules/configure.base: line 1327: .c: Read-only file system
[INFO] [stderr]   mklove/modules/configure.base: line 1330: .c: Read-only file system
[INFO] [stderr]   mklove/modules/configure.base: line 942: /opt/rustwide/cargo-home/git/checkouts/rust-rdkafka-34d944143d921bb0/cb3f919/rdkafka-sys/librdkafka/config.log: Read-only file system
[INFO] [stderr]   mklove/modules/configure.base: line 942: /opt/rustwide/cargo-home/git/checkouts/rust-rdkafka-34d944143d921bb0/cb3f919/rdkafka-sys/librdkafka/config.log: Read-only file system
[INFO] [stderr]   mklove/modules/configure.base: line 942: /opt/rustwide/cargo-home/git/checkouts/rust-rdkafka-34d944143d921bb0/cb3f919/rdkafka-sys/librdkafka/config.log: Read-only file system
[INFO] [stderr]   mklove/modules/configure.base: line 942: /opt/rustwide/cargo-home/git/checkouts/rust-rdkafka-34d944143d921bb0/cb3f919/rdkafka-sys/librdkafka/config.log: Read-only file system
[INFO] [stderr]   mklove/modules/configure.base: line 942: /opt/rustwide/cargo-home/git/checkouts/rust-rdkafka-34d944143d921bb0/cb3f919/rdkafka-sys/librdkafka/config.log: Read-only file system
[INFO] [stderr]   mktemp: failed to create file via template '_mkltmpXXXXXX': Read-only file system
[INFO] [stderr]   mv: cannot stat '': No such file or directory
[INFO] [stderr]   mklove/modules/configure.base: line 1327: .c: Read-only file system
[INFO] [stderr]   mklove/modules/configure.base: line 1330: .c: Read-only file system
[INFO] [stderr]   mklove/modules/configure.base: line 942: /opt/rustwide/cargo-home/git/checkouts/rust-rdkafka-34d944143d921bb0/cb3f919/rdkafka-sys/librdkafka/config.log: Read-only file system
[INFO] [stderr]   mklove/modules/configure.base: line 942: /opt/rustwide/cargo-home/git/checkouts/rust-rdkafka-34d944143d921bb0/cb3f919/rdkafka-sys/librdkafka/config.log: Read-only file system
[INFO] [stderr]   mklove/modules/configure.base: line 942: /opt/rustwide/cargo-home/git/checkouts/rust-rdkafka-34d944143d921bb0/cb3f919/rdkafka-sys/librdkafka/config.log: Read-only file system
[INFO] [stderr]   mklove/modules/configure.base: line 942: /opt/rustwide/cargo-home/git/checkouts/rust-rdkafka-34d944143d921bb0/cb3f919/rdkafka-sys/librdkafka/config.log: Read-only file system
[INFO] [stderr]   mklove/modules/configure.base: line 942: /opt/rustwide/cargo-home/git/checkouts/rust-rdkafka-34d944143d921bb0/cb3f919/rdkafka-sys/librdkafka/config.log: Read-only file system
[INFO] [stderr]   mklove/modules/configure.base: line 942: /opt/rustwide/cargo-home/git/checkouts/rust-rdkafka-34d944143d921bb0/cb3f919/rdkafka-sys/librdkafka/config.log: Read-only file system
[INFO] [stderr]   mklove/modules/configure.base: line 942: /opt/rustwide/cargo-home/git/checkouts/rust-rdkafka-34d944143d921bb0/cb3f919/rdkafka-sys/librdkafka/config.log: Read-only file system
[INFO] [stderr]   mklove/modules/configure.base: line 942: /opt/rustwide/cargo-home/git/checkouts/rust-rdkafka-34d944143d921bb0/cb3f919/rdkafka-sys/librdkafka/config.log: Read-only file system
[INFO] [stderr]   mktemp: failed to create file via template '_mkltmpXXXXXX': Read-only file system
[INFO] [stderr]   mv: cannot stat '': No such file or directory
[INFO] [stderr]   mklove/modules/configure.base: line 1327: .c: Read-only file system
[INFO] [stderr]   mklove/modules/configure.base: line 1330: .c: Read-only file system
[INFO] [stderr]   mklove/modules/configure.base: line 942: /opt/rustwide/cargo-home/git/checkouts/rust-rdkafka-34d944143d921bb0/cb3f919/rdkafka-sys/librdkafka/config.log: Read-only file system
[INFO] [stderr]   mklove/modules/configure.base: line 942: /opt/rustwide/cargo-home/git/checkouts/rust-rdkafka-34d944143d921bb0/cb3f919/rdkafka-sys/librdkafka/config.log: Read-only file system
[INFO] [stderr]   mklove/modules/configure.base: line 942: /opt/rustwide/cargo-home/git/checkouts/rust-rdkafka-34d944143d921bb0/cb3f919/rdkafka-sys/librdkafka/config.log: Read-only file system
[INFO] [stderr]   mklove/modules/configure.base: line 942: /opt/rustwide/cargo-home/git/checkouts/rust-rdkafka-34d944143d921bb0/cb3f919/rdkafka-sys/librdkafka/config.log: Read-only file system
[INFO] [stderr]   mklove/modules/configure.base: line 942: /opt/rustwide/cargo-home/git/checkouts/rust-rdkafka-34d944143d921bb0/cb3f919/rdkafka-sys/librdkafka/config.log: Read-only file system
[INFO] [stderr]   mktemp: failed to create file via template '_mkltmpXXXXXX': Read-only file system
[INFO] [stderr]   mv: cannot stat '': No such file or directory
[INFO] [stderr]   mklove/modules/configure.base: line 1327: .c: Read-only file system
[INFO] [stderr]   mklove/modules/configure.base: line 1330: .c: Read-only file system
[INFO] [stderr]   mklove/modules/configure.base: line 942: /opt/rustwide/cargo-home/git/checkouts/rust-rdkafka-34d944143d921bb0/cb3f919/rdkafka-sys/librdkafka/config.log: Read-only file system
[INFO] [stderr]   mklove/modules/configure.base: line 942: /opt/rustwide/cargo-home/git/checkouts/rust-rdkafka-34d944143d921bb0/cb3f919/rdkafka-sys/librdkafka/config.log: Read-only file system
[INFO] [stderr]   mklove/modules/configure.base: line 942: /opt/rustwide/cargo-home/git/checkouts/rust-rdkafka-34d944143d921bb0/cb3f919/rdkafka-sys/librdkafka/config.log: Read-only file system
[INFO] [stderr]   mklove/modules/configure.base: line 942: /opt/rustwide/cargo-home/git/checkouts/rust-rdkafka-34d944143d921bb0/cb3f919/rdkafka-sys/librdkafka/config.log: Read-only file system
[INFO] [stderr]   mklove/modules/configure.base: line 942: /opt/rustwide/cargo-home/git/checkouts/rust-rdkafka-34d944143d921bb0/cb3f919/rdkafka-sys/librdkafka/config.log: Read-only file system
[INFO] [stderr]   mklove/modules/configure.base: line 942: /opt/rustwide/cargo-home/git/checkouts/rust-rdkafka-34d944143d921bb0/cb3f919/rdkafka-sys/librdkafka/config.log: Read-only file system
[INFO] [stderr]   mklove/modules/configure.base: line 942: /opt/rustwide/cargo-home/git/checkouts/rust-rdkafka-34d944143d921bb0/cb3f919/rdkafka-sys/librdkafka/config.log: Read-only file system
[INFO] [stderr]   mklove/modules/configure.base: line 942: /opt/rustwide/cargo-home/git/checkouts/rust-rdkafka-34d944143d921bb0/cb3f919/rdkafka-sys/librdkafka/config.log: Read-only file system
[INFO] [stderr]   mktemp: failed to create file via template '_mkltmpXXXXXX': Read-only file system
[INFO] [stderr]   mv: cannot stat '': No such file or directory
[INFO] [stderr]   mklove/modules/configure.base: line 1327: .c: Read-only file system
[INFO] [stderr]   mklove/modules/configure.base: line 1330: .c: Read-only file system
[INFO] [stderr]   mklove/modules/configure.base: line 942: /opt/rustwide/cargo-home/git/checkouts/rust-rdkafka-34d944143d921bb0/cb3f919/rdkafka-sys/librdkafka/config.log: Read-only file system
[INFO] [stderr]   mklove/modules/configure.base: line 942: /opt/rustwide/cargo-home/git/checkouts/rust-rdkafka-34d944143d921bb0/cb3f919/rdkafka-sys/librdkafka/config.log: Read-only file system
[INFO] [stderr]   mklove/modules/configure.base: line 942: /opt/rustwide/cargo-home/git/checkouts/rust-rdkafka-34d944143d921bb0/cb3f919/rdkafka-sys/librdkafka/config.log: Read-only file system
[INFO] [stderr]   mklove/modules/configure.base: line 942: /opt/rustwide/cargo-home/git/checkouts/rust-rdkafka-34d944143d921bb0/cb3f919/rdkafka-sys/librdkafka/config.log: Read-only file system
[INFO] [stderr]   mklove/modules/configure.base: line 942: /opt/rustwide/cargo-home/git/checkouts/rust-rdkafka-34d944143d921bb0/cb3f919/rdkafka-sys/librdkafka/config.log: Read-only file system
[INFO] [stderr]   mktemp: failed to create file via template '_mkltmpXXXXXX': Read-only file system
[INFO] [stderr]   mv: cannot stat '': No such file or directory
[INFO] [stderr]   mklove/modules/configure.base: line 1327: .c: Read-only file system
[INFO] [stderr]   mklove/modules/configure.base: line 1330: .c: Read-only file system
[INFO] [stderr]   mklove/modules/configure.base: line 942: /opt/rustwide/cargo-home/git/checkouts/rust-rdkafka-34d944143d921bb0/cb3f919/rdkafka-sys/librdkafka/config.log: Read-only file system
[INFO] [stderr]   mklove/modules/configure.base: line 942: /opt/rustwide/cargo-home/git/checkouts/rust-rdkafka-34d944143d921bb0/cb3f919/rdkafka-sys/librdkafka/config.log: Read-only file system
[INFO] [stderr]   mklove/modules/configure.base: line 942: /opt/rustwide/cargo-home/git/checkouts/rust-rdkafka-34d944143d921bb0/cb3f919/rdkafka-sys/librdkafka/config.log: Read-only file system
[INFO] [stderr]   mklove/modules/configure.base: line 942: /opt/rustwide/cargo-home/git/checkouts/rust-rdkafka-34d944143d921bb0/cb3f919/rdkafka-sys/librdkafka/config.log: Read-only file system
[INFO] [stderr]   mklove/modules/configure.base: line 942: /opt/rustwide/cargo-home/git/checkouts/rust-rdkafka-34d944143d921bb0/cb3f919/rdkafka-sys/librdkafka/config.log: Read-only file system
[INFO] [stderr]   mklove/modules/configure.base: line 942: /opt/rustwide/cargo-home/git/checkouts/rust-rdkafka-34d944143d921bb0/cb3f919/rdkafka-sys/librdkafka/config.log: Read-only file system
[INFO] [stderr]   mklove/modules/configure.base: line 942: /opt/rustwide/cargo-home/git/checkouts/rust-rdkafka-34d944143d921bb0/cb3f919/rdkafka-sys/librdkafka/config.log: Read-only file system
[INFO] [stderr]   mklove/modules/configure.base: line 942: /opt/rustwide/cargo-home/git/checkouts/rust-rdkafka-34d944143d921bb0/cb3f919/rdkafka-sys/librdkafka/config.log: Read-only file system
[INFO] [stderr]   mklove/modules/configure.base: line 942: /opt/rustwide/cargo-home/git/checkouts/rust-rdkafka-34d944143d921bb0/cb3f919/rdkafka-sys/librdkafka/config.log: Read-only file system
[INFO] [stderr]   mktemp: failed to create file via template '_mkltmpXXXXXX': Read-only file system
[INFO] [stderr]   mv: cannot stat '': No such file or directory
[INFO] [stderr]   mklove/modules/configure.base: line 1327: .c: Read-only file system
[INFO] [stderr]   mklove/modules/configure.base: line 1330: .c: Read-only file system
[INFO] [stderr]   mklove/modules/configure.base: line 942: /opt/rustwide/cargo-home/git/checkouts/rust-rdkafka-34d944143d921bb0/cb3f919/rdkafka-sys/librdkafka/config.log: Read-only file system
[INFO] [stderr]   mklove/modules/configure.base: line 942: /opt/rustwide/cargo-home/git/checkouts/rust-rdkafka-34d944143d921bb0/cb3f919/rdkafka-sys/librdkafka/config.log: Read-only file system
[INFO] [stderr]   mklove/modules/configure.base: line 942: /opt/rustwide/cargo-home/git/checkouts/rust-rdkafka-34d944143d921bb0/cb3f919/rdkafka-sys/librdkafka/config.log: Read-only file system
[INFO] [stderr]   mklove/modules/configure.base: line 942: /opt/rustwide/cargo-home/git/checkouts/rust-rdkafka-34d944143d921bb0/cb3f919/rdkafka-sys/librdkafka/config.log: Read-only file system
[INFO] [stderr]   mklove/modules/configure.base: line 942: /opt/rustwide/cargo-home/git/checkouts/rust-rdkafka-34d944143d921bb0/cb3f919/rdkafka-sys/librdkafka/config.log: Read-only file system
[INFO] [stderr]   mklove/modules/configure.base: line 942: /opt/rustwide/cargo-home/git/checkouts/rust-rdkafka-34d944143d921bb0/cb3f919/rdkafka-sys/librdkafka/config.log: Read-only file system
[INFO] [stderr]   mklove/modules/configure.base: line 942: /opt/rustwide/cargo-home/git/checkouts/rust-rdkafka-34d944143d921bb0/cb3f919/rdkafka-sys/librdkafka/config.log: Read-only file system
[INFO] [stderr]   mklove/modules/configure.base: line 942: /opt/rustwide/cargo-home/git/checkouts/rust-rdkafka-34d944143d921bb0/cb3f919/rdkafka-sys/librdkafka/config.log: Read-only file system
[INFO] [stderr]   mklove/modules/configure.base: line 942: /opt/rustwide/cargo-home/git/checkouts/rust-rdkafka-34d944143d921bb0/cb3f919/rdkafka-sys/librdkafka/config.log: Read-only file system
[INFO] [stderr]   mktemp: failed to create file via template '_mkltmpXXXXXX': Read-only file system
[INFO] [stderr]   mv: cannot stat '': No such file or directory
[INFO] [stderr]   mklove/modules/configure.base: line 1327: .c: Read-only file system
[INFO] [stderr]   mklove/modules/configure.base: line 1330: .c: Read-only file system
[INFO] [stderr]   mklove/modules/configure.base: line 942: /opt/rustwide/cargo-home/git/checkouts/rust-rdkafka-34d944143d921bb0/cb3f919/rdkafka-sys/librdkafka/config.log: Read-only file system
[INFO] [stderr]   mklove/modules/configure.base: line 942: /opt/rustwide/cargo-home/git/checkouts/rust-rdkafka-34d944143d921bb0/cb3f919/rdkafka-sys/librdkafka/config.log: Read-only file system
[INFO] [stderr]   mklove/modules/configure.base: line 942: /opt/rustwide/cargo-home/git/checkouts/rust-rdkafka-34d944143d921bb0/cb3f919/rdkafka-sys/librdkafka/config.log: Read-only file system
[INFO] [stderr]   mklove/modules/configure.base: line 942: /opt/rustwide/cargo-home/git/checkouts/rust-rdkafka-34d944143d921bb0/cb3f919/rdkafka-sys/librdkafka/config.log: Read-only file system
[INFO] [stderr]   mktemp: failed to create file via template '_mkltmpXXXXXX': Read-only file system
[INFO] [stderr]   mv: cannot stat '': No such file or directory
[INFO] [stderr]   mklove/modules/configure.base: line 1327: .cpp: Read-only file system
[INFO] [stderr]   mklove/modules/configure.base: line 1330: .cpp: Read-only file system
[INFO] [stderr]   mklove/modules/configure.base: line 942: /opt/rustwide/cargo-home/git/checkouts/rust-rdkafka-34d944143d921bb0/cb3f919/rdkafka-sys/librdkafka/config.log: Read-only file system
[INFO] [stderr]   mklove/modules/configure.base: line 942: /opt/rustwide/cargo-home/git/checkouts/rust-rdkafka-34d944143d921bb0/cb3f919/rdkafka-sys/librdkafka/config.log: Read-only file system
[INFO] [stderr]   mklove/modules/configure.base: line 942: /opt/rustwide/cargo-home/git/checkouts/rust-rdkafka-34d944143d921bb0/cb3f919/rdkafka-sys/librdkafka/config.log: Read-only file system
[INFO] [stderr]   mklove/modules/configure.base: line 942: /opt/rustwide/cargo-home/git/checkouts/rust-rdkafka-34d944143d921bb0/cb3f919/rdkafka-sys/librdkafka/config.log: Read-only file system
[INFO] [stderr]   mktemp: failed to create file via template '_mkltmpXXXXXX': Read-only file system
[INFO] [stderr]   mv: cannot stat '': No such file or directory
[INFO] [stderr]   mklove/modules/configure.base: line 1327: .c: Read-only file system
[INFO] [stderr]   mklove/modules/configure.base: line 1330: .c: Read-only file system
[INFO] [stderr]   mklove/modules/configure.base: line 942: /opt/rustwide/cargo-home/git/checkouts/rust-rdkafka-34d944143d921bb0/cb3f919/rdkafka-sys/librdkafka/config.log: Read-only file system
[INFO] [stderr]   mklove/modules/configure.base: line 942: /opt/rustwide/cargo-home/git/checkouts/rust-rdkafka-34d944143d921bb0/cb3f919/rdkafka-sys/librdkafka/config.log: Read-only file system
[INFO] [stderr]   mklove/modules/configure.base: line 942: /opt/rustwide/cargo-home/git/checkouts/rust-rdkafka-34d944143d921bb0/cb3f919/rdkafka-sys/librdkafka/config.log: Read-only file system
[INFO] [stderr]   mklove/modules/configure.base: line 942: /opt/rustwide/cargo-home/git/checkouts/rust-rdkafka-34d944143d921bb0/cb3f919/rdkafka-sys/librdkafka/config.log: Read-only file system
[INFO] [stderr]   mktemp: failed to create file via template '_mkltmpXXXXXX': Read-only file system
[INFO] [stderr]   mv: cannot stat '': No such file or directory
[INFO] [stderr]   mklove/modules/configure.base: line 1327: .c: Read-only file system
[INFO] [stderr]   mklove/modules/configure.base: line 1330: .c: Read-only file system
[INFO] [stderr]   mklove/modules/configure.base: line 942: /opt/rustwide/cargo-home/git/checkouts/rust-rdkafka-34d944143d921bb0/cb3f919/rdkafka-sys/librdkafka/config.log: Read-only file system
[INFO] [stderr]   mklove/modules/configure.base: line 942: /opt/rustwide/cargo-home/git/checkouts/rust-rdkafka-34d944143d921bb0/cb3f919/rdkafka-sys/librdkafka/config.log: Read-only file system
[INFO] [stderr]   mklove/modules/configure.base: line 942: /opt/rustwide/cargo-home/git/checkouts/rust-rdkafka-34d944143d921bb0/cb3f919/rdkafka-sys/librdkafka/config.log: Read-only file system
[INFO] [stderr]   mklove/modules/configure.base: line 942: /opt/rustwide/cargo-home/git/checkouts/rust-rdkafka-34d944143d921bb0/cb3f919/rdkafka-sys/librdkafka/config.log: Read-only file system
[INFO] [stderr]   mktemp: failed to create file via template '_mkltmpXXXXXX': Read-only file system
[INFO] [stderr]   mv: cannot stat '': No such file or directory
[INFO] [stderr]   mklove/modules/configure.base: line 1327: .c: Read-only file system
[INFO] [stderr]   mklove/modules/configure.base: line 1330: .c: Read-only file system
[INFO] [stderr]   mklove/modules/configure.base: line 942: /opt/rustwide/cargo-home/git/checkouts/rust-rdkafka-34d944143d921bb0/cb3f919/rdkafka-sys/librdkafka/config.log: Read-only file system
[INFO] [stderr]   mklove/modules/configure.base: line 942: /opt/rustwide/cargo-home/git/checkouts/rust-rdkafka-34d944143d921bb0/cb3f919/rdkafka-sys/librdkafka/config.log: Read-only file system
[INFO] [stderr]   mklove/modules/configure.base: line 942: /opt/rustwide/cargo-home/git/checkouts/rust-rdkafka-34d944143d921bb0/cb3f919/rdkafka-sys/librdkafka/config.log: Read-only file system
[INFO] [stderr]   mklove/modules/configure.base: line 942: /opt/rustwide/cargo-home/git/checkouts/rust-rdkafka-34d944143d921bb0/cb3f919/rdkafka-sys/librdkafka/config.log: Read-only file system
[INFO] [stderr]   mktemp: failed to create file via template '_mkltmpXXXXXX': Read-only file system
[INFO] [stderr]   mv: cannot stat '': No such file or directory
[INFO] [stderr]   mklove/modules/configure.base: line 1327: .c: Read-only file system
[INFO] [stderr]   mklove/modules/configure.base: line 1330: .c: Read-only file system
[INFO] [stderr]   mklove/modules/configure.base: line 942: /opt/rustwide/cargo-home/git/checkouts/rust-rdkafka-34d944143d921bb0/cb3f919/rdkafka-sys/librdkafka/config.log: Read-only file system
[INFO] [stderr]   mklove/modules/configure.base: line 942: /opt/rustwide/cargo-home/git/checkouts/rust-rdkafka-34d944143d921bb0/cb3f919/rdkafka-sys/librdkafka/config.log: Read-only file system
[INFO] [stderr]   mklove/modules/configure.base: line 942: /opt/rustwide/cargo-home/git/checkouts/rust-rdkafka-34d944143d921bb0/cb3f919/rdkafka-sys/librdkafka/config.log: Read-only file system
[INFO] [stderr]   mklove/modules/configure.base: line 942: /opt/rustwide/cargo-home/git/checkouts/rust-rdkafka-34d944143d921bb0/cb3f919/rdkafka-sys/librdkafka/config.log: Read-only file system
[INFO] [stderr]   mktemp: failed to create file via template '_mkltmpXXXXXX': Read-only file system
[INFO] [stderr]   mv: cannot stat '': No such file or directory
[INFO] [stderr]   mklove/modules/configure.base: line 1327: .c: Read-only file system
[INFO] [stderr]   mklove/modules/configure.base: line 1330: .c: Read-only file system
[INFO] [stderr]   mklove/modules/configure.base: line 942: /opt/rustwide/cargo-home/git/checkouts/rust-rdkafka-34d944143d921bb0/cb3f919/rdkafka-sys/librdkafka/config.log: Read-only file system
[INFO] [stderr]   mklove/modules/configure.base: line 942: /opt/rustwide/cargo-home/git/checkouts/rust-rdkafka-34d944143d921bb0/cb3f919/rdkafka-sys/librdkafka/config.log: Read-only file system
[INFO] [stderr]   mklove/modules/configure.base: line 942: /opt/rustwide/cargo-home/git/checkouts/rust-rdkafka-34d944143d921bb0/cb3f919/rdkafka-sys/librdkafka/config.log: Read-only file system
[INFO] [stderr]   mklove/modules/configure.base: line 942: /opt/rustwide/cargo-home/git/checkouts/rust-rdkafka-34d944143d921bb0/cb3f919/rdkafka-sys/librdkafka/config.log: Read-only file system
[INFO] [stderr]   mktemp: failed to create file via template '_mkltmpXXXXXX': Read-only file system
[INFO] [stderr]   mv: cannot stat '': No such file or directory
[INFO] [stderr]   mklove/modules/configure.base: line 1327: .c: Read-only file system
[INFO] [stderr]   mklove/modules/configure.base: line 1330: .c: Read-only file system
[INFO] [stderr]   mklove/modules/configure.base: line 942: /opt/rustwide/cargo-home/git/checkouts/rust-rdkafka-34d944143d921bb0/cb3f919/rdkafka-sys/librdkafka/config.log: Read-only file system
[INFO] [stderr]   mklove/modules/configure.base: line 942: /opt/rustwide/cargo-home/git/checkouts/rust-rdkafka-34d944143d921bb0/cb3f919/rdkafka-sys/librdkafka/config.log: Read-only file system
[INFO] [stderr]   mklove/modules/configure.base: line 942: /opt/rustwide/cargo-home/git/checkouts/rust-rdkafka-34d944143d921bb0/cb3f919/rdkafka-sys/librdkafka/config.log: Read-only file system
[INFO] [stderr]   mklove/modules/configure.base: line 942: /opt/rustwide/cargo-home/git/checkouts/rust-rdkafka-34d944143d921bb0/cb3f919/rdkafka-sys/librdkafka/config.log: Read-only file system
[INFO] [stderr]   mktemp: failed to create file via template '_mkltmpXXXXXX': Read-only file system
[INFO] [stderr]   mv: cannot stat '': No such file or directory
[INFO] [stderr]   mklove/modules/configure.base: line 1327: .c: Read-only file system
[INFO] [stderr]   mklove/modules/configure.base: line 1330: .c: Read-only file system
[INFO] [stderr]   mklove/modules/configure.base: line 942: /opt/rustwide/cargo-home/git/checkouts/rust-rdkafka-34d944143d921bb0/cb3f919/rdkafka-sys/librdkafka/config.log: Read-only file system
[INFO] [stderr]   mklove/modules/configure.base: line 942: /opt/rustwide/cargo-home/git/checkouts/rust-rdkafka-34d944143d921bb0/cb3f919/rdkafka-sys/librdkafka/config.log: Read-only file system
[INFO] [stderr]   mklove/modules/configure.base: line 942: /opt/rustwide/cargo-home/git/checkouts/rust-rdkafka-34d944143d921bb0/cb3f919/rdkafka-sys/librdkafka/config.log: Read-only file system
[INFO] [stderr]   mklove/modules/configure.base: line 942: /opt/rustwide/cargo-home/git/checkouts/rust-rdkafka-34d944143d921bb0/cb3f919/rdkafka-sys/librdkafka/config.log: Read-only file system
[INFO] [stderr]   mklove/modules/configure.base: line 942: /opt/rustwide/cargo-home/git/checkouts/rust-rdkafka-34d944143d921bb0/cb3f919/rdkafka-sys/librdkafka/config.log: Read-only file system
[INFO] [stderr]   mktemp: failed to create file via template '_mkltmpXXXXXX': Read-only file system
[INFO] [stderr]   mv: cannot stat '': No such file or directory
[INFO] [stderr]   mklove/modules/configure.base: line 1327: .c: Read-only file system
[INFO] [stderr]   mklove/modules/configure.base: line 1330: .c: Read-only file system
[INFO] [stderr]   mklove/modules/configure.base: line 942: /opt/rustwide/cargo-home/git/checkouts/rust-rdkafka-34d944143d921bb0/cb3f919/rdkafka-sys/librdkafka/config.log: Read-only file system
[INFO] [stderr]   mklove/modules/configure.base: line 942: /opt/rustwide/cargo-home/git/checkouts/rust-rdkafka-34d944143d921bb0/cb3f919/rdkafka-sys/librdkafka/config.log: Read-only file system
[INFO] [stderr]   mklove/modules/configure.base: line 942: /opt/rustwide/cargo-home/git/checkouts/rust-rdkafka-34d944143d921bb0/cb3f919/rdkafka-sys/librdkafka/config.log: Read-only file system
[INFO] [stderr]   mklove/modules/configure.base: line 942: /opt/rustwide/cargo-home/git/checkouts/rust-rdkafka-34d944143d921bb0/cb3f919/rdkafka-sys/librdkafka/config.log: Read-only file system
[INFO] [stderr]   ###########################################################
[INFO] [stderr]   mklove/modules/configure.base: line 951: /opt/rustwide/cargo-home/git/checkouts/rust-rdkafka-34d944143d921bb0/cb3f919/rdkafka-sys/librdkafka/config.log: Read-only file system
[INFO] [stderr]   ###                  Configure failed                   ###
[INFO] [stderr]   mklove/modules/configure.base: line 951: /opt/rustwide/cargo-home/git/checkouts/rust-rdkafka-34d944143d921bb0/cb3f919/rdkafka-sys/librdkafka/config.log: Read-only file system
[INFO] [stderr]   ###########################################################
[INFO] [stderr]   mklove/modules/configure.base: line 951: /opt/rustwide/cargo-home/git/checkouts/rust-rdkafka-34d944143d921bb0/cb3f919/rdkafka-sys/librdkafka/config.log: Read-only file system
[INFO] [stderr]   ### Accumulated failures:                               ###
[INFO] [stderr]   mklove/modules/configure.base: line 951: /opt/rustwide/cargo-home/git/checkouts/rust-rdkafka-34d944143d921bb0/cb3f919/rdkafka-sys/librdkafka/config.log: Read-only file system
[INFO] [stderr]   ###########################################################
[INFO] [stderr]   mklove/modules/configure.base: line 951: /opt/rustwide/cargo-home/git/checkouts/rust-rdkafka-34d944143d921bb0/cb3f919/rdkafka-sys/librdkafka/config.log: Read-only file system
[INFO] [stderr]    socket_nsl () 
[INFO] [stderr]   mklove/modules/configure.base: line 951: /opt/rustwide/cargo-home/git/checkouts/rust-rdkafka-34d944143d921bb0/cb3f919/rdkafka-sys/librdkafka/config.log: Read-only file system
[INFO] [stderr]       module: socket
[INFO] [stderr]   mklove/modules/configure.base: line 959: /opt/rustwide/cargo-home/git/checkouts/rust-rdkafka-34d944143d921bb0/cb3f919/rdkafka-sys/librdkafka/config.log: Read-only file system
[INFO] [stderr]       action: fail
[INFO] [stderr]   mklove/modules/configure.base: line 959: /opt/rustwide/cargo-home/git/checkouts/rust-rdkafka-34d944143d921bb0/cb3f919/rdkafka-sys/librdkafka/config.log: Read-only file system
[INFO] [stderr]       reason:
[INFO] [stderr]   compile check failed:
[INFO] [stderr]   CC: CC
[INFO] [stderr]   flags: 
[INFO] [stderr]   gcc  -g -O2 -Wall -Wsign-compare -Wfloat-equal -Wpointer-arith -Wcast-align -Wall -Werror .c -o .c.o -lsocket -lnsl  :
[INFO] [stderr]   gcc: error: .c: No such file or directory
[INFO] [stderr]   source: 
[INFO] [stderr]   #include <sys/types.h>
[INFO] [stderr]   #include <sys/socket.h>
[INFO] [stderr]   #include <unistd.h>
[INFO] [stderr]   void foo (void) {
[INFO] [stderr]      int s = socket(0, 0, 0);
[INFO] [stderr]      close(s);
[INFO] [stderr]   }
[INFO] [stderr] 
[INFO] [stderr]   mklove/modules/configure.base: line 959: /opt/rustwide/cargo-home/git/checkouts/rust-rdkafka-34d944143d921bb0/cb3f919/rdkafka-sys/librdkafka/config.log: Read-only file system
[INFO] [stderr]    libpthread () 
[INFO] [stderr]   mklove/modules/configure.base: line 951: /opt/rustwide/cargo-home/git/checkouts/rust-rdkafka-34d944143d921bb0/cb3f919/rdkafka-sys/librdkafka/config.log: Read-only file system
[INFO] [stderr]       module: self
[INFO] [stderr]   mklove/modules/configure.base: line 959: /opt/rustwide/cargo-home/git/checkouts/rust-rdkafka-34d944143d921bb0/cb3f919/rdkafka-sys/librdkafka/config.log: Read-only file system
[INFO] [stderr]       action: fail
[INFO] [stderr]   mklove/modules/configure.base: line 959: /opt/rustwide/cargo-home/git/checkouts/rust-rdkafka-34d944143d921bb0/cb3f919/rdkafka-sys/librdkafka/config.log: Read-only file system
[INFO] [stderr]       reason:
[INFO] [stderr]   compile check failed:
[INFO] [stderr]   CC: CC
[INFO] [stderr]   flags: -lpthread
[INFO] [stderr]   gcc  -g -O2 -Wall -Wsign-compare -Wfloat-equal -Wpointer-arith -Wcast-align -Wall -Werror .c -o .c.o   -lpthread:
[INFO] [stderr]   gcc: error: .c: No such file or directory
[INFO] [stderr]   source: #include <pthread.h>
[INFO] [stderr] 
[INFO] [stderr]   mklove/modules/configure.base: line 959: /opt/rustwide/cargo-home/git/checkouts/rust-rdkafka-34d944143d921bb0/cb3f919/rdkafka-sys/librdkafka/config.log: Read-only file system
[INFO] [stderr]   thread 'main' panicked at 'Command failed with error code 1', /opt/rustwide/cargo-home/git/checkouts/rust-rdkafka-34d944143d921bb0/cb3f919/rdkafka-sys/build.rs:34:33
[INFO] [stderr]   stack backtrace:
[INFO] [stderr]      0:     0x55c51193de20 - std::backtrace_rs::backtrace::libunwind::trace::hdcf4f90f85129e83
[INFO] [stderr]                                  at /rustc/ff34b919075f35a1787659e9c448a34b06bab8de/library/std/src/../../backtrace/src/backtrace/libunwind.rs:90:5
[INFO] [stderr]      1:     0x55c51193de20 - std::backtrace_rs::backtrace::trace_unsynchronized::h2669e30cb82f6732
[INFO] [stderr]                                  at /rustc/ff34b919075f35a1787659e9c448a34b06bab8de/library/std/src/../../backtrace/src/backtrace/mod.rs:66:5
[INFO] [stderr]      2:     0x55c51193de20 - std::sys_common::backtrace::_print_fmt::hfbda19e17f6db318
[INFO] [stderr]                                  at /rustc/ff34b919075f35a1787659e9c448a34b06bab8de/library/std/src/sys_common/backtrace.rs:67:5
[INFO] [stderr]      3:     0x55c51193de20 - <std::sys_common::backtrace::_print::DisplayBacktrace as core::fmt::Display>::fmt::h1a8751bf59281272
[INFO] [stderr]                                  at /rustc/ff34b919075f35a1787659e9c448a34b06bab8de/library/std/src/sys_common/backtrace.rs:46:22
[INFO] [stderr]      4:     0x55c51195c3bf - core::fmt::write::h7aa6cd0067dca82a
[INFO] [stderr]                                  at /rustc/ff34b919075f35a1787659e9c448a34b06bab8de/library/core/src/fmt/mod.rs:1094:17
[INFO] [stderr]      5:     0x55c51193b665 - std::io::Write::write_fmt::hd7dd3a1df9b6befb
[INFO] [stderr]                                  at /rustc/ff34b919075f35a1787659e9c448a34b06bab8de/library/std/src/io/mod.rs:1584:15
[INFO] [stderr]      6:     0x55c51193fc5b - std::sys_common::backtrace::_print::h551e9ec8a9fa8106
[INFO] [stderr]                                  at /rustc/ff34b919075f35a1787659e9c448a34b06bab8de/library/std/src/sys_common/backtrace.rs:49:5
[INFO] [stderr]      7:     0x55c51193fc5b - std::sys_common::backtrace::print::ha4b1c5e95fa040b3
[INFO] [stderr]                                  at /rustc/ff34b919075f35a1787659e9c448a34b06bab8de/library/std/src/sys_common/backtrace.rs:36:9
[INFO] [stderr]      8:     0x55c51193fc5b - std::panicking::default_hook::{{closure}}::h0b34c9ab7fb9f857
[INFO] [stderr]                                  at /rustc/ff34b919075f35a1787659e9c448a34b06bab8de/library/std/src/panicking.rs:208:50
[INFO] [stderr]      9:     0x55c51193f73d - std::panicking::default_hook::h3067e8318decd17a
[INFO] [stderr]                                  at /rustc/ff34b919075f35a1787659e9c448a34b06bab8de/library/std/src/panicking.rs:225:9
[INFO] [stderr]     10:     0x55c51194020d - std::panicking::rust_panic_with_hook::h81b8facc50f34daa
[INFO] [stderr]                                  at /rustc/ff34b919075f35a1787659e9c448a34b06bab8de/library/std/src/panicking.rs:591:17
[INFO] [stderr]     11:     0x55c51193fe07 - std::panicking::begin_panic_handler::{{closure}}::ha376ab85d95a000e
[INFO] [stderr]                                  at /rustc/ff34b919075f35a1787659e9c448a34b06bab8de/library/std/src/panicking.rs:497:13
[INFO] [stderr]     12:     0x55c51193e2dc - std::sys_common::backtrace::__rust_end_short_backtrace::h6795c8afdd1a77e6
[INFO] [stderr]                                  at /rustc/ff34b919075f35a1787659e9c448a34b06bab8de/library/std/src/sys_common/backtrace.rs:141:18
[INFO] [stderr]     13:     0x55c51193fd69 - rust_begin_unwind
[INFO] [stderr]                                  at /rustc/ff34b919075f35a1787659e9c448a34b06bab8de/library/std/src/panicking.rs:493:5
[INFO] [stderr]     14:     0x55c5118f4b8b - std::panicking::begin_panic_fmt::hf43a0025042538e2
[INFO] [stderr]                                  at /rustc/ff34b919075f35a1787659e9c448a34b06bab8de/library/std/src/panicking.rs:435:5
[INFO] [stderr]     15:     0x55c5118f99ce - build_script_build::run_command_or_fail::h5f7dfc8b57f023fd
[INFO] [stderr]                                  at /opt/rustwide/cargo-home/git/checkouts/rust-rdkafka-34d944143d921bb0/cb3f919/rdkafka-sys/build.rs:34:33
[INFO] [stderr]     16:     0x55c5118fb5ba - build_script_build::build_librdkafka::haa0c9f6013d581c4
[INFO] [stderr]                                  at /opt/rustwide/cargo-home/git/checkouts/rust-rdkafka-34d944143d921bb0/cb3f919/rdkafka-sys/build.rs:150:5
[INFO] [stderr]     17:     0x55c5118fa4ab - build_script_build::main::h4fa5afb63570b2fc
[INFO] [stderr]                                  at /opt/rustwide/cargo-home/git/checkouts/rust-rdkafka-34d944143d921bb0/cb3f919/rdkafka-sys/build.rs:81:9
[INFO] [stderr]     18:     0x55c5118fc6fb - core::ops::function::FnOnce::call_once::h37afc3f519ea57cb
[INFO] [stderr]                                  at /rustc/ff34b919075f35a1787659e9c448a34b06bab8de/library/core/src/ops/function.rs:227:5
[INFO] [stderr]     19:     0x55c5118fc5ee - std::sys_common::backtrace::__rust_begin_short_backtrace::h8991e1a7e1cad799
[INFO] [stderr]                                  at /rustc/ff34b919075f35a1787659e9c448a34b06bab8de/library/std/src/sys_common/backtrace.rs:125:18
[INFO] [stderr]     20:     0x55c5118fc671 - std::rt::lang_start::{{closure}}::ha3267d6cb6bfd056
[INFO] [stderr]                                  at /rustc/ff34b919075f35a1787659e9c448a34b06bab8de/library/std/src/rt.rs:49:18
[INFO] [stderr]     21:     0x55c51194060a - core::ops::function::impls::<impl core::ops::function::FnOnce<A> for &F>::call_once::h3b8c329143d7638a
[INFO] [stderr]                                  at /rustc/ff34b919075f35a1787659e9c448a34b06bab8de/library/core/src/ops/function.rs:259:13
[INFO] [stderr]     22:     0x55c51194060a - std::panicking::try::do_call::h4b72c261b4eefc1b
[INFO] [stderr]                                  at /rustc/ff34b919075f35a1787659e9c448a34b06bab8de/library/std/src/panicking.rs:379:40
[INFO] [stderr]     23:     0x55c51194060a - std::panicking::try::h703d31b7896cbd49
[INFO] [stderr]                                  at /rustc/ff34b919075f35a1787659e9c448a34b06bab8de/library/std/src/panicking.rs:343:19
[INFO] [stderr]     24:     0x55c51194060a - std::panic::catch_unwind::h37cad9b35388a915
[INFO] [stderr]                                  at /rustc/ff34b919075f35a1787659e9c448a34b06bab8de/library/std/src/panic.rs:431:14
[INFO] [stderr]     25:     0x55c51194060a - std::rt::lang_start_internal::hab5a8a909af4f90e
[INFO] [stderr]                                  at /rustc/ff34b919075f35a1787659e9c448a34b06bab8de/library/std/src/rt.rs:34:21
[INFO] [stderr]     26:     0x55c5118fc650 - std::rt::lang_start::h4e7b2c55f6fcee49
[INFO] [stderr]                                  at /rustc/ff34b919075f35a1787659e9c448a34b06bab8de/library/std/src/rt.rs:48:5
[INFO] [stderr]     27:     0x55c5118fbefc - main
[INFO] [stderr]     28:     0x7f0567b370b3 - __libc_start_main
[INFO] [stderr]     29:     0x55c5118f592e - _start
[INFO] [stderr]     30:                0x0 - <unknown>
[INFO] [stderr] warning: build failed, waiting for other jobs to finish...
[INFO] [stderr] error: build failed
[INFO] running `Command { std: "docker" "inspect" "54d5300a3033b0b11629d226bfe119b01df9fd1250761907179c651170a2a4d3", kill_on_drop: false }`
[INFO] running `Command { std: "docker" "rm" "-f" "54d5300a3033b0b11629d226bfe119b01df9fd1250761907179c651170a2a4d3", kill_on_drop: false }`
[INFO] [stdout] 54d5300a3033b0b11629d226bfe119b01df9fd1250761907179c651170a2a4d3
